by 16.
11
Suppose 7 = 8*b - 9. Suppose -3*g - b*g + 2*f = 12, 2*g + 3 = -f. What is the remainder when g + 1 + -2 + 3 + 31 is divided by 8?
7
Let j be 194*20/(-24)*18. Let r = 1581 - 1532. What is the remainder when (2/4)/((-5)/j) is divided by r?
46
Let r = 6 - -7. Let k = r + -2. Let w(t) = 9*t - 7. What is the remainder when w(k) is divided by 31?
30
Let v = -25 - -43. Let s = 68 - v. Calculate the remainder when s is divided by 17.
16
Calculate the remainder when 1*4 + (55083/(-42))/(-1)*2 is divided by 67.
14
Suppose 0 = 2*r - 11 - 1. Suppose 4*j + 5*b = 245, 4*b - 2*b - 182 = -3*j. Let z = j - 50. What is the remainder when z is divided by r?
4
Suppose 0 = -8*f + 114 + 131 - 13. Calculate the remainder when 344 is divided by f.
25
Let s(d) = -2*d**2 + 20*d - 7. Suppose 15 = 4*m - z - 18, -4*z + 4 = m. Calculate the remainder when 49 is divided by s(m).
24
Suppose y - b + 4*b + 3 = 0, 2*y = -4*b. What is the remainder when (-1315)/(-10) + 2/4 is divided by (-135)/(-2)*4/y?
42
Let a = 139 + -131. Suppose -5*g - 820 = -5*q, a*g - 5*g + 651 = 4*q. What is the remainder when q is divided by 18?
15
Let p(u) = 697*u + 602. Calculate the remainder when p(1) is divided by 263.
247
Let t(l) = -28*l - 1911. What is the remainder when 146 is divided by t(-69)?
20
Let s = 40 - 31. Suppose -70 - 11 = -o + h, -4*o = -5*h - 328. Calculate the remainder when o is divided by s.
5
Let b(n) = -36*n - 109. Calculate the remainder when b(-4) is divided by 13.
9
Suppose 3*d - 38 + 29 = 0. Suppose d*x = -2*x + j + 67, 0 = j - 3. Suppose -2*h = 2*u - x, u - 3*h = 1 + 2. What is the remainder when u is divided by 5?
1
Let w(u) = -287*u - 6. Let d be w(3). Let a = -786 - d. Calculate the remainder when a is divided by 2/4*(83 + 1).
39
Let a = -9 - -7. Let q be 11 + (a - 0)*1. Let p = 4 + q. Calculate the remainder when 49 is divided by p.
10
Suppose 17*m - 12*m = k - 27, 0 = k - 4*m - 24. Calculate the remainder when 534 is divided by k.
6
What is the remainder when 3 - 9 - (80 + -243) is divided by 33?
25
Let a(b) = 6*b + 116. Let q be a(-19). Suppose -77 = -13*h + q*h. What is the remainder when 41 is divided by h?
6
Let a be -5 + -18*(-15)/6. Suppose -6 = -2*t + 3*y + 49, 4*y - a = -3*t. Calculate the remainder when 57 is divided by t.
17
Let o(h) = h**3 + 17*h**2 - h - 18. Let a be o(-17). Let r = 3 + a. Suppose r*v - 2 = 0, -4*d + 6 = -2*v - 36. What is the remainder when 19 is divided by d?
8
Let h(k) = 2*k**3 - 8*k**2 - 3*k + 5. Let l be -2 + 2 + -3 - (-1292 - -5). Let r = l + -1250. What is the remainder when h(6) is divided by r?
29
Suppose 4*q - 76 = -4*u, -2*u - 1 - 6 = -q. Suppose -61*p + 67*p - 168 = 0. Calculate the remainder when p is divided by q.
13
Let a = 5009 - 4576. What is the remainder when a is divided by 16?
1
Let z(b) = -16*b - 3 - 3 + 3 + 4. Suppose 2*w + 42 = u + 37, 2*w = -3*u + 39. Calculate the remainder when z(-4) is divided by u.
10
Suppose 4*t - 3261 - 1546 = -15*t. Calculate the remainder when t is divided by 250.
3
Let t(v) = 10*v**3 + 2*v - 1. Let q be (2 + -34)/(-8) - -285. Suppose -149 = 4*g - q. Calculate the remainder when g is divided by t(1).
2
Suppose -60*l = -18960 - 12780. What is the remainder when l is divided by 14?
11
Let w(z) = z**2 + z - 6. Let p be w(-3). Suppose 583 = 4*v - 3*l, 0 = -p*v - 2*v + l + 289. What is the remainder when v is divided by 36?
34
Let a = 4 - -1. Suppose -a*f + 2*o + 35 = -114, 0 = -3*f + 3*o + 93. Let s = -181 + 296. What is the remainder when s is divided by f?
28
Suppose 0 = 162*y - 15552 - 2916. Let g = 37 - 133. Let m = y + g. What is the remainder when m is divided by 9?
0
Suppose 4*y = 1735 - 1627. What is the remainder when 3238 is divided by y?
25
Let a(u) = u**2 + 75. Suppose -13*v - 43 = -550. What is the remainder when a(0) is divided by v?
36
Suppose -3*b + 914 = v + v, 0 = -5*v - 4*b + 2285. Let s = v - 244. What is the remainder when s is divided by 18?
15
Let v = 48 + -33. Let n(i) = -3*i + 54. Let l be n(15). Suppose l*x = -297 + 954. What is the remainder when x is divided by v?
13
Suppose 151*u = 118*u + 1 + 296. Calculate the remainder when 193 is divided by u.
4
Suppose 4*z = 3*r + 88, 0 = z - 4*r + 2*r - 12. What is the remainder when 1143 is divided by z?
23
Calculate the remainder when 2 - (1/(-2) + (-188790)/124) is divided by 253.
7
Let l = 8324 + -8295. What is the remainder when 34 is divided by l?
5
Let l be 4*2/(16/278). Suppose -2*r + 3*u + 25 = 0, -5*r - 3*u + l = 45. What is the remainder when r is divided by 42/(-15)*(-25)/10?
3
Suppose 0 = n + 5*h - 19, 4*n - 3*n + 2 = 2*h. Suppose 2*i - n*t - 16 = 0, -6*i - 3*t = -5*i + 2. What is the remainder when 18 is divided by i?
2
Suppose 18 - 1040 = -73*w. What is the remainder when 592 is divided by w?
4
Suppose -126*j + 138228 = 505*j - 238479. Calculate the remainder when j is divided by 36.
21
Let y = -12 - -38. Let o = 52 - 47. Suppose 0 = -o*l + 162 + 88. Calculate the remainder when l is divided by y.
24
Suppose 32*x + 46 = 313 + 629. What is the remainder when 2967 is divided by x?
27
Let v = 13558 + -13540. Calculate the remainder when 7/(35/26)*5 is divided by v.
8
Let f(m) = -m**2 + 9*m + 39. Suppose -2*i + 45 = -h, -4*h = 5*i - 10*i + 180. Let w = h - -75. Calculate the remainder when f(4) is divided by w.
29
Suppose -y - 45 = 3*p, -2*p - 5*y + y = 30. Let x = -544 - -409. Calculate the remainder when 35 is divided by (-591)/x*3 - (-2)/p.
9
Suppose 5*i - 5*u - 746 = 3409, -3*i - 3*u = -2463. Let x = -819 + i. Calculate the remainder when 41 is divided by x.
6
Let i(y) = 3*y**3 - 5*y**2 + 4*y + 5. Let n be (603/9)/(1/(-1)). Let s = -60 - n. What is the remainder when i(3) is divided by s?
4
Suppose 0 = -4*d - 2*s + 322, -5*s + 54 = 39. What is the remainder when 472 is divided by d?
77
Let h(q) = 10 + 14*q + 15*q**2 + 106*q**3 + 105*q**3 + 11*q - 210*q**3. What is the remainder when 85 is divided by h(-13)?
16
Suppose g + 4*g - 35 = 0. Calculate the remainder when 19/(-38)*3916/(-22) is divided by g.
5
Let l be (4/1 - -1123) + (-3)/(-1). Suppose l = 33*m - 28*m. What is the remainder when m is divided by 46?
42
Let a(y) = -30*y - 172. Let n be a(-16). Suppose 8*d - n = 116. What is the remainder when 366 is divided by d?
48
Suppose 0 = -14*k + 15375 - 15123. Suppose 2*v - 4*a - 87 - 179 = 0, 3*v + 2*a = 439. Calculate the remainder when v is divided by k.
17
Suppose -3*t - 3*c = -3, 16*t - c = 14*t + 11. Calculate the remainder when (-117 - 55)*(3/t - 1) is divided by (-2)/(4*1/(-38)).
5
Let w(u) be the first derivative of u**3 + u**2 - 4*u + 375. Suppose 3*j - 16 = 17. What is the remainder when w(2) is divided by j?
1
Let x = 199 - 122. Let g(p) = -2*p - 9. Let y be g(-3). What is the remainder when x is divided by (3 - -17)/(3 + y - -1)?
17
Suppose -4*w + 107 = -229. Suppose -27*y = -20*y - w. What is the remainder when 167 is divided by y?
11
Suppose 0 = -14*t + 10*t + 556. Suppose 7 = -2*i + 47. Calculate the remainder when t is divided by i.
19
Suppose -q + 3 = -n + 2, -3*q = -5*n - 9. Let o(y) = -2*y**3 - 2*y**2 - 5*y - 4. What is the remainder when o(n) is divided by (-2)/19 - (-4580)/190?
23
Let r = 8469 + -8425. Calculate the remainder when ((-261)/(-6))/3*6 is divided by r.
43
Let o(w) = 4*w**3 + 3*w**2 + 2*w - 1. Let k be o(-1). Calculate the remainder when 31 is divided by (-38)/(-6 - k) - 3.
15
Let x(p) = 24*p - 5. Let s be x(-1). Let a = s - -34. Suppose -a*z + 954 = -5*c - 446, -3*c - 1396 = -5*z. Calculate the remainder when z is divided by 56.
54
Let i be (-5)/20 + 2061/36. Suppose 30 = 2*s + 4*h, 0 = 2*s - 5*s - 2*h + i. Calculate the remainder when 62 is divided by s.
20
Let g be 972/(-14) + (-33)/(-77). Let r = g - -129. What is the remainder when r is divided by 14?
4
Let g = -4899 - -4942. What is the remainder when 164 is divided by g?
35
Let i = -198 - -284. Let p(u) = 42*u - 530. Calculate the remainder when i is divided by p(13).
6
Suppose -147 = q - 4*q. Let w be (-26)/(-6) + (-12)/(-18). Suppose -10*j + 125 = -w*j. What is the remainder when q is divided by j?
24
Let x = 347 - 380. Let r = 157 + x. Calculate the remainder when r is divided by 21.
19
Suppose -2*g = 5*r - 189, 0*r + 3*r = g + 120. Let t(q) = -r*q - 45*q - 26 + 81*q. What is the remainder when 27 is divi